{"id":1155,"date":"2019-06-14T10:31:50","date_gmt":"2019-06-14T03:31:50","guid":{"rendered":"https:\/\/edu5.khowebseotop.vn\/?page_id=1155"},"modified":"2025-06-28T12:38:21","modified_gmt":"2025-06-28T05:38:21","slug":"ve-chung-toi","status":"publish","type":"page","link":"https:\/\/thpt-khaitri.edu.vn\/?page_id=1155","title":{"rendered":"Gi\u1edbi thi\u1ec7u"},"content":{"rendered":"\n<p data-start=\"231\" data-end=\"376\">Tr\u01b0\u1eddng THPT t\u01b0 th\u1ee5c Khai Tr\u00ed \u0111\u01b0\u1ee3c th\u00e0nh l\u1eadp theo Quy\u1ebft \u0111\u1ecbnh s\u1ed1\u00a0<strong data-start=\"294\" data-end=\"312\">109\/1999\/Q\u0110\u2013UB<\/strong>\u00a0ng\u00e0y\u00a0<strong data-start=\"318\" data-end=\"331\">28\/8\/1999<\/strong>\u00a0c\u1ee7a UBND TP. \u0110\u00e0 N\u1eb5ng. Ba nh\u00e0 s\u00e1ng l\u1eadp g\u1ed3m:<\/p>\n<ul>\n<li>\n<ul data-start=\"377\" data-end=\"579\">\n<li data-start=\"377\" data-end=\"436\">\n<p data-start=\"379\" data-end=\"436\"><strong data-start=\"379\" data-end=\"405\">GS.TSKH \u0110\u1eb7ng V\u0103n Luy\u1ebfn<\/strong>\u00a0\u2013 Ch\u1ee7 t\u1ecbch H\u1ed9i \u0111\u1ed3ng Qu\u1ea3n tr\u1ecb<\/p>\n<\/li>\n<li data-start=\"437\" data-end=\"537\">\n<p data-start=\"439\" data-end=\"537\"><strong data-start=\"439\" data-end=\"455\">Th\u1ea7y H\u00e0 Xu\u00e2n<\/strong>\u00a0\u2013 Ph\u00f3 Ch\u1ee7 t\u1ecbch H\u0110QT ki\u00eam Hi\u1ec7u tr\u01b0\u1edfng (\u0111\u1ebfn n\u0103m 2002 l\u00e0 th\u1ea7y\u00a0<strong data-start=\"515\" data-end=\"534\">Tr\u01b0\u01a1ng V\u0103n H\u00f9ng<\/strong>)<\/p>\n<\/li>\n<li data-start=\"538\" data-end=\"579\">\n<p data-start=\"540\" data-end=\"579\"><strong data-start=\"540\" data-end=\"562\">C\u00f4 Nguy\u1ec5n Th\u1ecb Nh\u00e2m<\/strong>\u00a0\u2013 \u1ee6y vi\u00ean H\u0110QT<\/p>\n<\/li>\n<\/ul>\n<\/li>\n<\/ul>\n<p data-start=\"581\" data-end=\"778\">Ng\u00e0y\u00a0<strong data-start=\"586\" data-end=\"599\">02\/4\/2014<\/strong>, UBND TP. \u0110\u00e0 N\u1eb5ng ban h\u00e0nh Quy\u1ebft \u0111\u1ecbnh s\u1ed1\u00a0<strong data-start=\"641\" data-end=\"657\">1991\/Q\u0110\u2013UBND<\/strong>\u00a0\u0111\u1ed5i t\u00ean tr\u01b0\u1eddng th\u00e0nh\u00a0<strong data-start=\"679\" data-end=\"703\">Tr\u01b0\u1eddng THPT Khai Tr\u00ed<\/strong>, do th\u1ea7y\u00a0<strong data-start=\"713\" data-end=\"732\">Tr\u01b0\u01a1ng V\u0103n H\u00f9ng<\/strong>\u00a0\u0111\u1ea3m nhi\u1ec7m vai tr\u00f2 Ch\u1ee7 t\u1ecbch H\u1ed9i \u0111\u1ed3ng Qu\u1ea3n tr\u1ecb.<\/p>\n<p data-start=\"780\" data-end=\"995\">V\u1edbi \u0111\u1ed9i ng\u0169 gi\u00e1o vi\u00ean t\u00e2m huy\u1ebft, gi\u00e0u kinh nghi\u1ec7m, nh\u00e0 tr\u01b0\u1eddng lu\u00f4n ch\u00fa tr\u1ecdng c\u00f4ng t\u00e1c gi\u1ea3ng d\u1ea1y v\u00e0 gi\u00e1o d\u1ee5c \u0111\u1ea1o \u0111\u1ee9c h\u1ecdc sinh, \u0111\u1eb7c bi\u1ec7t quan t\u00e2m h\u1ed7 tr\u1ee3 h\u1ecdc sinh c\u00e1 bi\u1ec7t ti\u1ebfn b\u1ed9 tr\u1edf th\u00e0nh nh\u1eefng h\u1ecdc tr\u00f2 ngoan, h\u1ecdc t\u1ed1t.<\/p>\n<p data-start=\"997\" data-end=\"1371\">Tr\u01b0\u1eddng t\u1ecda l\u1ea1c t\u1ea1i\u00a0<strong data-start=\"1016\" data-end=\"1040\">116 Nguy\u1ec5n Huy T\u01b0\u1edfng<\/strong>, ph\u01b0\u1eddng\u00a0<strong data-start=\"1049\" data-end=\"1061\">H\u00f2a Minh<\/strong>, qu\u1eadn\u00a0<strong data-start=\"1068\" data-end=\"1082\">Li\u00ean Chi\u1ec3u<\/strong>, TP. \u0110\u00e0 N\u1eb5ng, g\u1ea7n \u0111\u00ecnh l\u00e0ng H\u00f2a M\u1ef9. V\u1edbi t\u1ed5ng di\u1ec7n t\u00edch\u00a0<strong data-start=\"1138\" data-end=\"1150\">5.000 m\u00b2<\/strong>, khu\u00f4n vi\u00ean tr\u01b0\u1eddng khang trang, tho\u00e1ng m\u00e1t, c\u00f3 s\u00e2n b\u00f3ng \u0111\u00e1, ba d\u00e3y nh\u00e0 cao t\u1ea7ng c\u00f9ng \u0111\u1ea7y \u0111\u1ee7 c\u00e1c ph\u00f2ng h\u1ecdc, h\u1ed9i tr\u01b0\u1eddng, ph\u00f2ng m\u00e1y t\u00ednh, th\u01b0 vi\u1ec7n, ph\u00f2ng th\u00ed nghi\u1ec7m, x\u01b0\u1edfng th\u1ef1c h\u00e0nh v\u00e0 khu b\u00e1n tr\u00fa cho h\u1ecdc sinh h\u1ecdc hai bu\u1ed5i.<\/p>\n<p data-start=\"1373\" data-end=\"1562\">T\u1ec9 l\u1ec7 \u0111\u1ed7 t\u1ed1t nghi\u1ec7p THPT c\u1ee7a tr\u01b0\u1eddng qua c\u00e1c n\u0103m lu\u00f4n \u0111\u1ea1t \u1edf m\u1ee9c cao. \u0110\u1eb7c bi\u1ec7t, n\u0103m h\u1ecdc\u00a0<strong data-start=\"1459\" data-end=\"1472\">2023\u20132024<\/strong>, tr\u01b0\u1eddng \u0111\u1ea1t t\u1ec9 l\u1ec7 t\u1ed1t nghi\u1ec7p\u00a0<strong data-start=\"1502\" data-end=\"1511\">97%<\/strong>, n\u1eb1m t\u1ed1p \u0111\u1ea7u kh\u1ed1i c\u00e1c tr\u01b0\u1eddng THPT t\u01b0 th\u1ee5c t\u1ea1i \u0110\u00e0 N\u1eb5ng.<\/p>\n<ul class=\"sidebar-wrapper ul-reset\"><div id=\"recent-posts-widget-with-thumbnails-2\" class=\"col pb-0 widget recent-posts-widget-with-thumbnails\">\n<div id=\"rpwwt-recent-posts-widget-with-thumbnails-2\" class=\"rpwwt-widget\">\r\n<span class=\"widget-title\">B\u00e0i vi\u1ebft kh\u00e1c<\/span><div class=\"is-divider small\"><\/div>\n\t<ul>\r\n\t\t<li class=\"thong-bao-moi tin-tuc-nha-truong tin-tuc-tong-hop tin-tuc-va-su-kien tuyen-sinh\"><a href=\"https:\/\/thpt-khaitri.edu.vn\/?p=3238\" target=\"_blank\"><span class=\"rpwwt-post-title\">VINH DANH H\u1eccC SINH T\u1ea0I K\u1ef2 THI HSG C\u1ea4P TH\u00c0NH PH\u1ed0 N\u0102M H\u1eccC 2025-2026!<\/span><\/a><div class=\"rpwwt-post-date\">27\/04\/2026<\/div><\/li>\r\n\t\t<li class=\"thong-bao-moi tin-tuc-nha-truong tin-tuc-va-su-kien\"><a href=\"https:\/\/thpt-khaitri.edu.vn\/?p=3204\" target=\"_blank\"><span class=\"rpwwt-post-title\">THPT KHAI TR\u00cd CH\u00cdNH TH\u1ee8C \u0110\u0102NG QUANG V\u00d4 \u0110\u1ecaCH GI\u1ea2I B\u00d3NG \u0110\u00c1 H\u1eccC SINH &#8211; SINH VI\u00caN PH\u01af\u1edcNG H\u00d2A KH\u00c1NH 2026<\/span><\/a><div class=\"rpwwt-post-date\">16\/03\/2026<\/div><\/li>\r\n\t\t<li class=\"thong-bao-moi tin-tuc-nha-truong tin-tuc-tong-hop tin-tuc-va-su-kien\"><a href=\"https:\/\/thpt-khaitri.edu.vn\/?p=3216\" target=\"_blank\"><span class=\"rpwwt-post-title\">NG\u00c0Y H\u1ed8I \u0110O\u00c0N VI\u00caN 2026<\/span><\/a><div class=\"rpwwt-post-date\">07\/03\/2026<\/div><\/li>\r\n\t\t<li class=\"thong-bao-moi tuyen-sinh\"><a href=\"https:\/\/thpt-khaitri.edu.vn\/?p=3168\" target=\"_blank\"><span class=\"rpwwt-post-title\">K\u1ebf Ho\u1ea1ch V\u1ec1 Ho\u1ea1t \u0110\u1ed9ng Gi\u00e1o D\u1ee5c Tr\u01b0\u1eddng H\u1ecdc N\u0103m H\u1ecdc 2025-2026<\/span><\/a><div class=\"rpwwt-post-date\">29\/09\/2025<\/div><\/li>\r\n\t\t<li class=\"tin-tuc-nha-truong tin-tuc-va-su-kien\"><a href=\"https:\/\/thpt-khaitri.edu.vn\/?p=3155\" target=\"_blank\"><span class=\"rpwwt-post-title\">T\u01afNG B\u1eeaNG L\u1ec4 KHAI GI\u1ea2NG N\u0102M H\u1eccC 2025 \u2013 2026<\/span><\/a><div class=\"rpwwt-post-date\">09\/09\/2025<\/div><\/li>\r\n\t\t<li class=\"thong-bao-moi tin-tuc-tong-hop tin-tuc-va-su-kien\"><a href=\"https:\/\/thpt-khaitri.edu.vn\/?p=3138\" target=\"_blank\"><span class=\"rpwwt-post-title\">L\u1ecbch n\u1ed9p l\u1ec7 ph\u00ed x\u00e9t tuy\u1ec3n \u0111\u1ea1i h\u1ecdc n\u0103m 2025<\/span><\/a><div class=\"rpwwt-post-date\">29\/07\/2025<\/div><\/li>\r\n\t\t<li class=\"thong-bao-moi tin-tuc-nha-truong tin-tuc-va-su-kien\"><a href=\"https:\/\/thpt-khaitri.edu.vn\/?p=3091\" target=\"_blank\"><span class=\"rpwwt-post-title\">Link tra c\u1ee9u \u0111i\u1ec3m thi t\u1ed1t nghi\u1ec7p THPT c\u1ee7a 34 t\u1ec9nh, th\u00e0nh<\/span><\/a><div class=\"rpwwt-post-date\">16\/07\/2025<\/div><\/li>\r\n\t<\/ul>\r\n<\/div><!-- .rpwwt-widget -->\r\n<\/div><\/ul>\n\n\n","protected":false},"excerpt":{"rendered":"","protected":false},"author":3,"featured_media":0,"parent":0,"menu_order":0,"comment_status":"closed","ping_status":"closed","template":"page-right-sidebar.php","meta":{"footnotes":""},"class_list":["post-1155","page","type-page","status-publish","hentry"],"jetpack_sharing_enabled":true,"_links":{"self":[{"href":"https:\/\/thpt-khaitri.edu.vn\/index.php?rest_route=\/wp\/v2\/pages\/1155","targetHints":{"allow":["GET"]}}],"collection":[{"href":"https:\/\/thpt-khaitri.edu.vn\/index.php?rest_route=\/wp\/v2\/pages"}],"about":[{"href":"https:\/\/thpt-khaitri.edu.vn\/index.php?rest_route=\/wp\/v2\/types\/page"}],"author":[{"embeddable":true,"href":"https:\/\/thpt-khaitri.edu.vn\/index.php?rest_route=\/wp\/v2\/users\/3"}],"replies":[{"embeddable":true,"href":"https:\/\/thpt-khaitri.edu.vn\/index.php?rest_route=%2Fwp%2Fv2%2Fcomments&post=1155"}],"version-history":[{"count":3,"href":"https:\/\/thpt-khaitri.edu.vn\/index.php?rest_route=\/wp\/v2\/pages\/1155\/revisions"}],"predecessor-version":[{"id":2711,"href":"https:\/\/thpt-khaitri.edu.vn\/index.php?rest_route=\/wp\/v2\/pages\/1155\/revisions\/2711"}],"wp:attachment":[{"href":"https:\/\/thpt-khaitri.edu.vn\/index.php?rest_route=%2Fwp%2Fv2%2Fmedia&parent=1155"}],"curies":[{"name":"wp","href":"https:\/\/api.w.org\/{rel}","templated":true}]}}